{"id":675,"date":"2021-05-31T14:20:39","date_gmt":"2021-05-31T14:20:39","guid":{"rendered":"https:\/\/hisp-50-belgrado.fil.bg.ac.rs\/?page_id=675"},"modified":"2021-12-10T11:58:02","modified_gmt":"2021-12-10T11:58:02","slug":"departament","status":"publish","type":"page","link":"https:\/\/hisp-50-belgrado.fil.bg.ac.rs\/ca\/departament\/","title":{"rendered":"Departament"},"content":{"rendered":"<p>[vc_row][vc_column][vc_empty_space][om_logos images=&#8221;1018,797&#8243; img_size=&#8221;medium&#8221;][vc_column_text]L&#8217;hispanisme acad\u00e8mic serbi va n\u00e9ixer a la Universitat de Belgrad el 1951 a la Facultat de Filosofia i Lletres, dins del programa d&#8217;estudis rom\u00e0nics. La llengua espanyola era una assignatura optativa, impartida per Jos\u00e9 Bort Vela. Una d\u00e8cada despr\u00e9s, el 1962, l&#8217;espanyol va obtenir l&#8217;estatus de llengua auxiliar i els primers professors van ser Ljiljana Pavlovi\u0107 Samurovi\u0107 i l&#8217;argent\u00ed Juan Octavio Prenz, professor, poeta i il\u00b7lustre hispanista.<\/p>\n<p>El Grup de llengua espanyola i literatures hisp\u00e0niques va ser fundat el 1971 a la Facultat de Filologia per Ljiljana Pavlovi\u0107 Samurovi\u0107 com a part del Departament d&#8217;Estudis Rom\u00e0nics. Durant els seus primers passos institucionals, el Departament va comptar amb el suport de professors romanistes i italianistes, en ocupar-se de camps cient\u00edfics pr\u00f2xims a la filologia hisp\u00e0nica. Els primers hispanistes es van llicenciar el 1975 i des de llavors fins a l&#8217;actualitat el Departament d&#8217;Estudis Ib\u00e8rics ha estat i continua sent un dels m\u00e9s prestigiosos del m\u00f3n acad\u00e8mic d&#8217;aquesta part d&#8217;Europa. Els anys setanta del segle XX van canviar completament la perspectiva de la recepci\u00f3 de les obres liter\u00e0ries espanyoles i hispanoamericanes, perqu\u00e8 per primera vegada es comptava amb un desenvolupament sostenible de l&#8217;hispanisme institucional, encarnat en el naixement dels estudis hisp\u00e0nics en la Universitat de Belgrad.<br \/>\nGr\u00e0cies al treball dels professors i estudiants del Departament, un nombre significatiu d&#8217;obres liter\u00e0ries d&#8217;escriptors espanyols, portuguesos, catalans i llatinoamericans han estat tradu\u00efdes i publicades. A m\u00e9s, s&#8217;han publicat diverses traduccions d&#8217;obres d&#8217;autors serbis, especialment a Espanya i Am\u00e8rica Llatina.<\/p>\n<p>El Departament coopera estretament amb els departaments d&#8217;estudis hisp\u00e0nics de la Universitat de Kragujevac i de Novi Sad, aix\u00ed com amb departaments de la regi\u00f3, cooperaci\u00f3 emmarcada dins de la Xarxa d&#8217;Hispanistes d&#8217;Europa Central. Aix\u00ed mateix, la Facultat de Filologia gaudeix de convenis de cooperaci\u00f3 internacional amb l\u2019AECID i l&#8217;Institut Ramon Llull de l\u2019estat espanyol, l&#8217;Institut Camo\u1ebds de Portugal i la Universitat de S\u00e3o Paulo del Brasil.<\/p>\n<p>Actualment, el Departament d&#8217;Estudis Ib\u00e8rics \u00e9s un dels centres d&#8217;hispanisme m\u00e9s desenvolupats de la regi\u00f3. Ofereix estudis de grau (4 anys), m\u00e0ster (1 any) i doctorat (3 anys), completament integrats dins del sistema educatiu reformat (d\u2019acord amb El Tractat de Bolonya).<\/p>\n<p>Al Departament hi treballen 16 professors i 3 lectors natius d&#8217;espanyol, catal\u00e0 i portugu\u00e8s. Els camps de recerca de l&#8217;equip docent abasten totes les disciplines rellevants de l&#8217;hispanisme contemporani.[\/vc_column_text][vc_empty_space][\/vc_column][\/vc_row][vc_row][vc_column][vc_custom_heading text=&#8221;EQUIP DOCENT&#8221; uppercase=&#8221;yes&#8221;][om_speakers filter=&#8221;category&#8221; columns=&#8221;4&#8243; link_to_speaker=&#8221;&#8221; categories=&#8221;34&#8243;][vc_empty_space][\/vc_column][\/vc_row][vc_row][vc_column][vc_btn title=&#8221;Programa d\u2019estudis&#8221; color=&#8221;orange&#8221; size=&#8221;lg&#8221; align=&#8221;center&#8221; link=&#8221;url:http%3A%2F%2Fwww.fil.bg.ac.rs%2Flang%2Fsr%2Fkatedre%2Fiberijske-studije%2Fstudijski-program%2F||target:%20_blank|&#8221;][vc_btn title=&#8221;P\u00e0gina web del Departament&#8221; size=&#8221;lg&#8221; align=&#8221;center&#8221; link=&#8221;url:http%3A%2F%2Fwww.fil.bg.ac.rs%2Flang%2Fsr%2Fkatedre%2Fiberijske-studije%2F||target:%20_blank|&#8221;][\/vc_column][\/vc_row]<\/p>\n","protected":false},"excerpt":{"rendered":"<p>[vc_row][vc_column][vc_empty_space][om_logos images=&#8221;1018,797&#8243; img_size=&#8221;medium&#8221;][vc_column_text]L&#8217;hispanisme acad\u00e8mic serbi va n\u00e9ixer a la Universitat de Belgrad el 1951 a la Facultat de Filosofia i Lletres, dins del programa d&#8217;estudis&hellip;<\/p>\n<p><a href=\"https:\/\/hisp-50-belgrado.fil.bg.ac.rs\/ca\/departament\/\" class=\"read-more-link\"><span class=\"read-more-icon\"><\/span>Llegir m\u00e9s<\/a><\/p>\n","protected":false},"author":1,"featured_media":0,"parent":0,"menu_order":0,"comment_status":"closed","ping_status":"closed","template":"","meta":{"footnotes":""},"class_list":["post-675","page","type-page","status-publish","hentry"],"_links":{"self":[{"href":"https:\/\/hisp-50-belgrado.fil.bg.ac.rs\/ca\/wp-json\/wp\/v2\/pages\/675","targetHints":{"allow":["GET"]}}],"collection":[{"href":"https:\/\/hisp-50-belgrado.fil.bg.ac.rs\/ca\/wp-json\/wp\/v2\/pages"}],"about":[{"href":"https:\/\/hisp-50-belgrado.fil.bg.ac.rs\/ca\/wp-json\/wp\/v2\/types\/page"}],"author":[{"embeddable":true,"href":"https:\/\/hisp-50-belgrado.fil.bg.ac.rs\/ca\/wp-json\/wp\/v2\/users\/1"}],"replies":[{"embeddable":true,"href":"https:\/\/hisp-50-belgrado.fil.bg.ac.rs\/ca\/wp-json\/wp\/v2\/comments?post=675"}],"version-history":[{"count":8,"href":"https:\/\/hisp-50-belgrado.fil.bg.ac.rs\/ca\/wp-json\/wp\/v2\/pages\/675\/revisions"}],"predecessor-version":[{"id":1612,"href":"https:\/\/hisp-50-belgrado.fil.bg.ac.rs\/ca\/wp-json\/wp\/v2\/pages\/675\/revisions\/1612"}],"wp:attachment":[{"href":"https:\/\/hisp-50-belgrado.fil.bg.ac.rs\/ca\/wp-json\/wp\/v2\/media?parent=675"}],"curies":[{"name":"wp","href":"https:\/\/api.w.org\/{rel}","templated":true}]}}

<p>[vc_row][vc_column][vc_empty_space][om_logos images=&#8221;1018,797&#8243; img_size=&#8221;medium&#8221;][vc_column_text]L&#8217;hispanisme acadèmic serbi va néixer a la Universitat de Belgrad el 1951 a la Facultat de Filosofia i Lletres, dins del programa d&#8217;estudis romànics. La llengua espanyola era una assignatura optativa, impartida per José Bort Vela. Una dècada després, el 1962, l&#8217;espanyol va obtenir l&#8217;estatus de llengua auxiliar i els primers professors van ser Ljiljana Pavlović Samurović i l&#8217;argentí Juan Octavio Prenz, professor, poeta i il·lustre hispanista.</p>
<p>El Grup de llengua espanyola i literatures hispàniques va ser fundat el 1971 a la Facultat de Filologia per Ljiljana Pavlović Samurović com a part del Departament d&#8217;Estudis Romànics. Durant els seus primers passos institucionals, el Departament va comptar amb el suport de professors romanistes i italianistes, en ocupar-se de camps científics pròxims a la filologia hispànica. Els primers hispanistes es van llicenciar el 1975 i des de llavors fins a l&#8217;actualitat el Departament d&#8217;Estudis Ibèrics ha estat i continua sent un dels més prestigiosos del món acadèmic d&#8217;aquesta part d&#8217;Europa. Els anys setanta del segle XX van canviar completament la perspectiva de la recepció de les obres literàries espanyoles i hispanoamericanes, perquè per primera vegada es comptava amb un desenvolupament sostenible de l&#8217;hispanisme institucional, encarnat en el naixement dels estudis hispànics en la Universitat de Belgrad.<br />
Gràcies al treball dels professors i estudiants del Departament, un nombre significatiu d&#8217;obres literàries d&#8217;escriptors espanyols, portuguesos, catalans i llatinoamericans han estat traduïdes i publicades. A més, s&#8217;han publicat diverses traduccions d&#8217;obres d&#8217;autors serbis, especialment a Espanya i Amèrica Llatina.</p>
<p>El Departament coopera estretament amb els departaments d&#8217;estudis hispànics de la Universitat de Kragujevac i de Novi Sad, així com amb departaments de la regió, cooperació emmarcada dins de la Xarxa d&#8217;Hispanistes d&#8217;Europa Central. Així mateix, la Facultat de Filologia gaudeix de convenis de cooperació internacional amb l’AECID i l&#8217;Institut Ramon Llull de l’estat espanyol, l&#8217;Institut Camoẽs de Portugal i la Universitat de São Paulo del Brasil.</p>
<p>Actualment, el Departament d&#8217;Estudis Ibèrics és un dels centres d&#8217;hispanisme més desenvolupats de la regió. Ofereix estudis de grau (4 anys), màster (1 any) i doctorat (3 anys), completament integrats dins del sistema educatiu reformat (d’acord amb El Tractat de Bolonya).</p>
<p>Al Departament hi treballen 16 professors i 3 lectors natius d&#8217;espanyol, català i portuguès. Els camps de recerca de l&#8217;equip docent abasten totes les disciplines rellevants de l&#8217;hispanisme contemporani.[/vc_column_text][vc_empty_space][/vc_column][/vc_row][vc_row][vc_column][vc_custom_heading text=&#8221;EQUIP DOCENT&#8221; uppercase=&#8221;yes&#8221;][om_speakers filter=&#8221;category&#8221; columns=&#8221;4&#8243; link_to_speaker=&#8221;&#8221; categories=&#8221;34&#8243;][vc_empty_space][/vc_column][/vc_row][vc_row][vc_column][vc_btn title=&#8221;Programa d’estudis&#8221; color=&#8221;orange&#8221; size=&#8221;lg&#8221; align=&#8221;center&#8221; link=&#8221;url:http%3A%2F%2Fwww.fil.bg.ac.rs%2Flang%2Fsr%2Fkatedre%2Fiberijske-studije%2Fstudijski-program%2F||target:%20_blank|&#8221;][vc_btn title=&#8221;Pàgina web del Departament&#8221; size=&#8221;lg&#8221; align=&#8221;center&#8221; link=&#8221;url:http%3A%2F%2Fwww.fil.bg.ac.rs%2Flang%2Fsr%2Fkatedre%2Fiberijske-studije%2F||target:%20_blank|&#8221;][/vc_column][/vc_row]</p>

<p>[vc_row][vc_column][vc_empty_space][om_logos images=&#8221;1018,797&#8243; img_size=&#8221;medium&#8221;][vc_column_text]L&#8217;hispanisme acadèmic serbi va néixer a la Universitat de Belgrad el 1951 a la Facultat de Filosofia i Lletres, dins del programa d&#8217;estudis&hellip;</p>
<p><a href="https://hisp-50-belgrado.fil.bg.ac.rs/ca/departament/" class="read-more-link"><span class="read-more-icon"></span>Llegir més</a></p>
